{"id":2,"date":"2021-06-27T22:09:34","date_gmt":"2021-06-27T21:09:34","guid":{"rendered":"http:\/\/www.inrad-projekt.hr\/?page_id=2"},"modified":"2021-06-27T22:42:31","modified_gmt":"2021-06-27T21:42:31","slug":"pocetna","status":"publish","type":"page","link":"https:\/\/www.inrad-projekt.hr\/","title":{"rendered":"Dobrodo\u0161li"},"content":{"rendered":"\n<p>Ukoliko se spremate u izgradnju ili u adaptaciju postoje\u0107eg objekta onda ste na pravom mjestu. <\/p>\n\n\n\n<div class=\"wp-block-columns is-layout-flex wp-container-core-columns-is-layout-9d6595d7 wp-block-columns-is-layout-flex\">\n<div class=\"wp-block-column is-layout-flow wp-block-column-is-layout-flow\">\n<p><strong>Na\u0161a specijalnost su:<\/strong><\/p>\n\n\n\n<p>Adaptacije<\/p>\n\n\n\n<p>Zavr\u0161ni radovi u graditeljstvu<\/p>\n\n\n\n<p>Sistemi suhe gradnje:<\/p>\n\n\n\n<p>&nbsp;&nbsp;&nbsp;&nbsp; &#8211; Pregradni zidovi<\/p>\n\n\n\n<p>&nbsp;&nbsp;&nbsp;&nbsp; &#8211; Zidne obloge<\/p>\n\n\n\n<p>&nbsp;&nbsp;&nbsp;&nbsp; &#8211; Spu\u0161teni stropovi<\/p>\n\n\n\n<p>&nbsp;&nbsp;&nbsp;&nbsp; &#8211; Ure\u0111enja potkrovlja<\/p>\n<\/div>\n\n\n\n<div class=\"wp-block-column is-layout-flow wp-block-column-is-layout-flow\">\n<p><strong>Tako\u0111er nudimo uslugu:<\/strong><\/p>\n\n\n\n<p>Dizajn interijera<\/p>\n\n\n\n<p>Savjetovanje<\/p>\n\n\n\n<p>Idejno rje\u0161enje<\/p>\n\n\n\n<p>3D vizualizacija<\/p>\n<\/div>\n<\/div>\n\n\n\n<hr class=\"wp-block-separator\"\/>\n\n\n\n<p>Stranica je trenutno u fazi izgranje pa Vas molimo da nas kontaktirate putem TELEFONA ili EMAIL-a<\/p>\n\n\n\n<hr class=\"wp-block-separator\"\/>\n\n\n\n<p><\/p>\n\n\n\n<h4 class=\"wp-block-heading\">Obratite nam se sa povjerenjem<\/h4>\n\n\n\n<p><strong>INRAD PROJEKT d.o.o.<\/strong><\/p>\n\n\n\n<p>Krapinska ulica 29<\/p>\n\n\n\n<p>10360 Sesvete<\/p>\n\n\n\n<p><strong>Kontakt:<\/strong><\/p>\n\n\n\n<p>+385 (0) 98 609 390<\/p>\n\n\n\n<p><a href=\"mailto:info@inrad-projekt.hr\">info@inrad-projekt.hr<\/a><\/p>\n\n\n\n<p><\/p>\n","protected":false},"excerpt":{"rendered":"<p>Ukoliko se spremate u izgradnju ili u adaptaciju postoje\u0107eg objekta onda ste na pravom mjestu. Na\u0161a specijalnost su: Adaptacije Zavr\u0161ni radovi u graditeljstvu Sistemi suhe gradnje: &nbsp;&nbsp;&nbsp;&nbsp; &#8211; Pregradni zidovi &nbsp;&nbsp;&nbsp;&nbsp; &#8211; Zidne obloge &nbsp;&nbsp;&nbsp;&nbsp; &#8211; Spu\u0161teni stropovi &nbsp;&nbsp;&nbsp;&nbsp; &#8211; Ure\u0111enja potkrovlja Tako\u0111er nudimo uslugu: Dizajn interijera Savjetovanje Idejno rje\u0161enje 3D vizualizacija Stranica je trenutno [&hellip;]<\/p>\n","protected":false},"author":1,"featured_media":0,"parent":0,"menu_order":0,"comment_status":"closed","ping_status":"open","template":"","meta":{"footnotes":""},"class_list":["post-2","page","type-page","status-publish","hentry"],"_links":{"self":[{"href":"https:\/\/www.inrad-projekt.hr\/index.php?rest_route=\/wp\/v2\/pages\/2","targetHints":{"allow":["GET"]}}],"collection":[{"href":"https:\/\/www.inrad-projekt.hr\/index.php?rest_route=\/wp\/v2\/pages"}],"about":[{"href":"https:\/\/www.inrad-projekt.hr\/index.php?rest_route=\/wp\/v2\/types\/page"}],"author":[{"embeddable":true,"href":"https:\/\/www.inrad-projekt.hr\/index.php?rest_route=\/wp\/v2\/users\/1"}],"replies":[{"embeddable":true,"href":"https:\/\/www.inrad-projekt.hr\/index.php?rest_route=%2Fwp%2Fv2%2Fcomments&post=2"}],"version-history":[{"count":14,"href":"https:\/\/www.inrad-projekt.hr\/index.php?rest_route=\/wp\/v2\/pages\/2\/revisions"}],"predecessor-version":[{"id":85,"href":"https:\/\/www.inrad-projekt.hr\/index.php?rest_route=\/wp\/v2\/pages\/2\/revisions\/85"}],"wp:attachment":[{"href":"https:\/\/www.inrad-projekt.hr\/index.php?rest_route=%2Fwp%2Fv2%2Fmedia&parent=2"}],"curies":[{"name":"wp","href":"https:\/\/api.w.org\/{rel}","templated":true}]}}